s divided by 10?
9
Let s(x) = -x**3 + 4*x**2 - 3*x + 2. Let d = 106 - 102. What is the remainder when d is divided by s(3)?
0
Suppose 5*x = 2*w + 29, 4*x + 11*w - 16 = 15*w. What is the remainder when (-1)/2*76/(-2) is divided by x?
5
Suppose -73 = -2*q - q - 4*o, -5*q = -4*o - 111. Suppose 4 = -4*d + 52. Calculate the remainder when q is divided by d.
11
Let b(m) = m**2 + 2 + 2 - 8*m - 2. Let z be b(8). Suppose -8*s + 3*s + 3*l = -42, 2*l - 20 = -z*s. What is the remainder when 17 is divided by s?
8
Let d(u) = -u**2 + 7*u - 3. Let m be d(9). What is the remainder when 37 is divided by -2 + 5 + m/(-3)?
7
Let w(h) = h**3 + 2*h**2 - h + 1. What is the remainder when 43 is divided by w(2)?
13
Suppose 5*o - 38 = -2*y + 230, -4*y = -5*o + 244. Suppose -2*s + 2*n - 4*n = -o, -5*n + 101 = 4*s. Calculate the remainder when 115 is divided by s.
28
Let v = 0 + 2. Suppose -k - 64 = -v*k. Suppose k = 4*i + 12. What is the remainder when i is divided by 5?
3
Let o = -53 + 115. Suppose -5*x + o = -98. Suppose -d + 1 + 10 = 0. What is the remainder when x is divided by d?
10
Suppose -3*k = -4*k + 16. Calculate the remainder when 60 is divided by k.
12
Let c(v) = 3*v**2 + 6*v + 14. Calculate the remainder when c(-4) is divided by 7.
3
Let w(q) be the first derivative of 1 + 0*q + 13/2*q**2. Calculate the remainder when w(1) is divided by 7.
6
Suppose -8*h + 56 = -4*h. Calculate the remainder when (1 - 0)/(-1)*-26 is divided by h.
12
Let t(z) = -z + 3. Let o be t(3). Suppose o = -q, 3*q - 1 = -2*g + 13. Let d(y) = -6*y - 5. Calculate the remainder when d(-4) is divided by g.
5
Let u(h) = -3*h + 10. What is the remainder when 37 is divided by u(0)?
7
Let i = 26 + -13. Calculate the remainder when 64 is divided by i.
12
Let j(z) = -z**3 + 4 + 2*z**3 + 3*z**2 - 6. What is the remainder when j(-2) is divided by ((-2)/(-3))/(6/9)?
0
Let a = -11 + 3. Let f(t) = -t**3 - 8*t**2 - 2*t - 11. Calculate the remainder when 19 is divided by f(a).
4
Suppose q = -2, -43 = -4*i - 5*q + 27. What is the remainder when 39 is divided by i?
19
Let m = 44 - 25. What is the remainder when 55 is divided by m?
17
Calculate the remainder when (-58 + 0)*5/(-10) is divided by 16.
13
Let q(x) = 7*x + 1. Let m be q(0). Let l(i) be the third derivative of 35*i**4/24 - i**3/6 + i**2. Calculate the remainder when l(m) is divided by 18.
16
What is the remainder when (6/(-12))/(2/4) + 28 is divided by 14?
13
Let w = -47 - -88. What is the remainder when 81 is divided by w?
40
Let b(p) = 3*p**2 - 12*p + 1. What is the remainder when 29 is divided by b(5)?
13
Calculate the remainder when (-138)/(-2) + 4/(-12)*0 is divided by 24.
21
Let i(a) = a**3 - 4*a**2 - 2*a - 10. Let v be i(5). Suppose 38 = v*o + 3. What is the remainder when 20 is divided by o?
6
Let i = 1 - -10. Let p = 121 - 80. Calculate the remainder when p is divided by i.
8
Let w(z) = -6*z + 5. Calculate the remainder when 66 is divided by w(-5).
31
Let g(l) = 2*l + 9. What is the remainder when 76 is divided by g(2)?
11
Suppose n + 4*y - 3 = 0, y = -n + 6*n - 99. Let a = 35 - 25. Calculate the remainder when n is divided by a.
9
Let p(r) = -r**3 - 9*r**2 + 10*r + 1. Suppose j - f = 3*f - 16, j + 4*f = 16. Let a = 2 + j. What is the remainder when a is divided by p(-10)?
0
What is the remainder when -4 + 0 + 1 + 62 is divided by 20?
19
Let c = -21 - -31. Calculate the remainder when 27 is divided by c.
7
Suppose 3*d + 46 = 5*d. Let g = -14 + d. What is the remainder when 25 is divided by g?
7
Suppose m = 4*m + 2*p - 78, 2*m + 2*p = 50. What is the remainder when m is divided by 17?
11
Suppose -5*d + 4*x + 43 = 0, 5*d + x - 3*x = 49. Suppose 0 = -g + 2, d + 2 = z - g. What is the remainder when z is divided by 9?
6
Suppose -4*j = 3*u + 2*u - 111, 3*u = 3*j - 117. Calculate the remainder when j is divided by 16.
2
Let k(i) = i**3 - i**2 + 16. Suppose -44 = 5*f - 9. Let c = f - -16. What is the remainder when k(0) is divided by c?
7
Suppose -13 = -3*y - 6*v + 2*v, y = 5*v + 17. Calculate the remainder when 31 is divided by y.
3
Suppose 20 - 92 = -3*h. Calculate the remainder when 42 is divided by h.
18
Let j = 9 + -5. Let m(d) = 3*d + 2. Let w = 67 + -40. Calculate the remainder when w is divided by m(j).
13
Let s = 29 - 15. Suppose -x - s = -3*x. Suppose -6*f + 3*f + 12 = 0. Calculate the remainder when x is divided by f.
3
Let r(j) = j**2 - 11*j + 8. Let y be r(11). Let o = y - 8. Suppose -4*b + 2*b + 58 = o. Calculate the remainder when b is divided by 10.
9
Let z(g) = -g**3 + 6*g**2 + 4. Suppose -3*r - 17 + 21 = 4*t, 3*r = -2*t + 14. Calculate the remainder when z(3) is divided by r.
7
Let s(w) = -15*w - 8. What is the remainder when s(-3) is divided by 10?
7
Suppose 0 = -4*a + 113 - 81. What is the remainder when 31 is divided by a?
7
Let j = 1 - -9. Calculate the remainder when j is divided by 3.
1
Let a be 24/18*6/(-4). Let h(d) = -4*d**3 - 3*d**2 - 2*d - 3. What is the remainder when h(a) is divided by (-1)/3 + (-38)/(-6)?
3
Let h be (-66)/(-15) + (-10)/25. Suppose 0 = 2*o + h*w - 226, 2*w - 512 = -5*o + 21. Calculate the remainder when o is divided by 27.
24
Suppose -4*k + 0*k = 0, -2*f - k = 130. Let m = 97 + f. Calculate the remainder when m is divided by 17.
15
Suppose -5*v - 76 = -9*v. Calculate the remainder when v is divided by 4.
3
Let g be (-2)/2*(-5 - -1). Suppose -3*u = -u - g. Calculate the remainder when 17 is divided by u/4*(-1 - -21).
7
Let t be 0 + 1 + (-5 - 3). Let f = 11 + t. Suppose -4*h + 48 = -4*z, -5*h + f*z + 17 = -46. What is the remainder when 44 is divided by h?
14
Let b(x) = -x - 1. Let v = 4 + -10. What is the remainder when 8 is divided by b(v)?
3
Let l = -201 - -219. Suppose -2*o = -4*o + 104. Calculate the remainder when o is divided by l.
16
Calculate the remainder when -2 + 573/9 + (-3)/(-9) is divided by 32.
30
Let k = -18 + 20. Suppose 5*u - 14 = 2*n, 0*n = -2*n - 4. What is the remainder when u is divided by k?
0
Let a(x) = -x**2 - 11*x + 7. Suppose -4*v - 59 - 53 = 0. Let n = v - -19. What is the remainder when a(n) is divided by 9?
7
Suppose 7*n = 2*n + 25. Suppose b - v - 48 = 0, 5*b = -n*v - 102 + 392. What is the remainder when b is divided by 14?
11
Let g = -94 + 151. What is the remainder when g is divided by 29?
28
Suppose -2*c = 3 - 9. Let t(w) = -1 + 2 + 2*w + 3. What is the remainder when 19 is divided by t(c)?
9
Suppose 52 = 4*s - 3*h, -5*s = -5*h - 67 + 2. Suppose 0 = 4*f + 4*z - 8, z = -3*z - 20. Calculate the remainder when s is divided by f.
6
Let p = 82 + -59. What is the remainder when p is divided by 9?
5
Suppose 0 = 10*a - 14*a + 184. What is the remainder when a is divided by 25?
21
Suppose 3*t - 14 = 4. What is the remainder when 11 is divided by t?
5
Let v(l) = l**2 + 2*l + 9. Let q(f) = -3*f**2 - 3*f - 18. Let m(u) = -2*q(u) - 5*v(u). Let r be 21/14*42/9. What is the remainder when 34 is divided by m(r)?
10
What is the remainder when 21 is divided by (-7)/14 + 26*2/8?
3
Let s(i) = -i + 1. Let z be s(-2). Suppose v + 0*v = z. Calculate the remainder when v is divided by 2.
1
Let l(b) = b**3 - 5*b**2 + 6*b. Let t(f) = 2*f - 10. Let g be t(7). Calculate the remainder when l(g) is divided by 4.
0
Suppose -6*u + 20 = -u. Suppose -189 + 37 = -u*r. Calculate the remainder when r is divided by 13.
12
Let p(c) = -3*c + 12. Calculate the remainder when 119 is divided by p(-6).
29
Let j = -8 - -18. Let g = 3 + -3. Suppose 4*f - 28 - 84 = g. Calculate the remainder when f is divided by j.
8
What is the remainder when (0 - -1 - -1)/((-7)/(-903)) is divided by 37?
36
Suppose -13*f - 27 = -16*f. What is the remainder when (2 - (-11)/(-3))*-15 is divided by f?
7
Let d = 72 - 42. Calculate the remainder when d is divided by 3.
0
Let z(h) = h**2 - 9*h + 22. Calculate the remainder when z(-8) is divided by 32.
30
Let u be (72/(-27))/(2/6). Calculate the remainder when 22 is divided by 2/(((-14)/u)/7).
6
Let y(h) = -3*h + 1. Let u be y(-3). Let x(v) = v**3 - 10*v**2 + 5. Calculate the remainder when x(u) is divided by (3/2 + -1)*6.
2
Let h(l) = 3*l**2 + l. Let o be h(-1). Let b be o*(-2)/(2 + 0). What is the remainder when (69 - -1)*(-1)/b is divided by 12?
11
Let p = -116 - -163. Calculate the remainder when p is divided by 12.
11
Suppose -5*g + 25 = -0*b - b, 3*b + 2*g - 10 = 0. Let p